 = -h*y. What is the remainder when y is divided by 24?
23
Suppose -4*c + 76 = -4*z, -7 + 42 = -2*z - c. Calculate the remainder when 5 is divided by (-6)/z*(-18)/(-3).
1
Suppose -3*q - q - 24 = 0. Let w = 0 + q. Calculate the remainder when 15 is divided by (w/15)/((-1)/15).
3
Let h(b) = -10*b - 61. Let d be (-2)/3 + (-124)/12. What is the remainder when h(d) is divided by 25?
24
Suppose -w - 23 = -2*t + 19, -2*t + 26 = 3*w. Let v = t + -15. What is the remainder when (-20)/(4/2)*-1 is divided by v?
2
Let d be 2/((1/2)/(1/(-2))). Calculate the remainder when 17 is divided by d + 0 - (-4 - 4).
5
Let y(x) = -2*x + 151. Let m be y(0). Suppose 5*p + 9*w - m = 6*w, -p - 5*w + 39 = 0. What is the remainder when p is divided by 8?
5
Let n(t) = -2*t - 1. Let d be n(-7). Suppose -d*c + 18*c = 395. What is the remainder when c is divided by 27?
25
Let p be 63 - (-2 + -2 - -4). Suppose 0 = -s + 117 + p. Let m = s - 58. What is the remainder when m is divided by 31?
29
Let t = -13 - -21. Suppose -10*a + t*a + 64 = 0. Calculate the remainder when a is divided by 17.
15
Let n(g) = 2*g - 21. Let s be n(-6). Let i = -22 - s. Calculate the remainder when ((-30)/(-7))/((-1)/(-7)) is divided by i.
8
Suppose 5*n + l = 3*n + 31, l = 5*n - 88. Let r = 2630 + -2625. Calculate the remainder when n is divided by r.
2
Let d = 6 + 8. Let w be ((-186)/15)/(5/25). Let i = w - -89. Calculate the remainder when i is divided by d.
13
Let b = 1939 - 1936. Let m = 3 + -2. Calculate the remainder when b is divided by m.
0
Let j = 212 + -147. Suppose -5*d = -2*z + 72 - 11, 9 = -3*d. What is the remainder when j is divided by z?
19
Suppose -115 = -15*f + 12*f - 4*u, 113 = 3*f + 2*u. Calculate the remainder when f is divided by 12.
1
Let q(n) = -2*n**2 + 16*n - 4. Let v be (-4)/2 - (-12)/3. Suppose v*f = f + 49. What is the remainder when f is divided by q(5)?
23
Suppose 0 = 6*d - 8*d - 6, -1477 = -5*i - d. What is the remainder when i is divided by 33?
32
Suppose -2*j + j + 14 = 0. Suppose -3*o - 7 = -2*f - 2, -21 = -4*f - 5*o. Calculate the remainder when (((-20)/3)/(-2))/(f/30) is divided by j.
11
Suppose 0 = -3*x - 3*b + 595 + 17, -4*x + 2*b = -816. Calculate the remainder when x is divided by 9.
6
Let l = -26 + -5. Let h = 33 + l. What is the remainder when 61 is divided by (2/(-2))/(h/(-42))?
19
Let w(v) = v**3 - 3*v**2 - 3*v + 5. Let q be w(4). Suppose -x + l + q = 0, 2*x - 4*x - l = -18. What is the remainder when 25 is divided by x?
7
Let f be -4 - 4*(-3)/(-12). What is the remainder when 7/(56/20)*(-58)/f is divided by 11?
7
Let a(x) be the first derivative of 4*x - 1 + 1/2*x**2. What is the remainder when a(12) is divided by 9?
7
Let k(g) = -g**3 - 7*g**2 - 2*g - 11. Let j be k(-8). Let i = j - 38. What is the remainder when 90 is divided by i?
28
What is the remainder when (-60)/45 + (-116)/(-6) is divided by 10?
8
What is the remainder when ((-11)/((-11)/(-21)))/(-1) is divided by 6/(-9) - 114/(-9)?
9
What is the remainder when 340 is divided by (9/(27/(-6)))/(17/(-357))?
4
Suppose 2*r + t = 4*r - 2, 5*r - 4 = 3*t. Suppose 12 = r*a - 0. What is the remainder when 40 is divided by a?
4
Let u(t) = 21*t - 33. Calculate the remainder when u(8) is divided by 23.
20
Let g = -774 - -816. Calculate the remainder when g is divided by 5.
2
Let w(r) = 158*r**2 + 22*r - 5. What is the remainder when w(-4) is divided by 58?
57
Let j = -1210 - -2507. Calculate the remainder when j is divided by 20.
17
Let g = 44 - 36. Suppose -y - 5*q + 11 = 29, 2*y - 5*q - 24 = 0. Suppose -y*x - g = -3*x. What is the remainder when 13 is divided by x?
5
Suppose 3*w - 147 = 195. What is the remainder when w is divided by (-1)/(42/(-56) + (-166)/(-232))?
27
Let t = 801 - 502. Calculate the remainder when t is divided by 12.
11
Let m(p) = -p**2 + 31*p + 52. What is the remainder when m(31) is divided by 15?
7
Let t(h) = h**3 + 9*h**2 + 8*h + 4. Suppose 5*f + 31 + 9 = 0. Let m = -10 - -23. Calculate the remainder when m is divided by t(f).
1
Calculate the remainder when 87 is divided by 10/(-15) + 105/9 + 0.
10
Let a(m) = m**2 - 104*m + 1414. What is the remainder when 472 is divided by a(15)?
77
Let p = 1 + 5. Calculate the remainder when (-984)/(-9) + -6 + 4/p is divided by 35.
34
Let q be 1/((-6)/(-21) + (-85)/315). Suppose -222 = -3*l + q. Calculate the remainder when l is divided by 12.
11
Suppose -2*a = -5*y - a + 379, -4*y - 4*a + 284 = 0. What is the remainder when y is divided by 27?
21
Let d(z) = z**3 + 35*z**2 - 36*z + 51. Calculate the remainder when 559 is divided by d(-36).
49
Suppose 19 = a - 2. Suppose a*c = 27*c - 102. Calculate the remainder when c is divided by 4.
1
Suppose 3*l - 126 = -2*k - 12, -l + 38 = -k. Let g = 57 - l. Suppose -4*s - 3*i + 11 = 0, -2*i = -4*s - i + 23. What is the remainder when g is divided by s?
4
Let t(g) = -5*g**3 - g + 3*g**3 + 4 - g**3 + 2*g**3 - 2*g**2. Let s = 45 - -2. Calculate the remainder when s is divided by t(-3).
15
Let c = -81 + 91. Let u(t) be the first derivative of t**3/3 - 5*t**2/2 + 15*t - 3. Calculate the remainder when u(c) is divided by 22.
21
Let z = -35 + 15. Calculate the remainder when 34 is divided by (1/(-4) + (-15)/z)*36.
16
Calculate the remainder when -20*1*(0 - 9/2) is divided by ((-46)/6)/((-3)/9).
21
What is the remainder when (8*9/(-108))/(1/(-54)) is divided by 19?
17
Let v(f) = f + 4. Let i be v(-3). Suppose -4*l = 5*x - 34, 5*x - 8*x + 5*l = -13. What is the remainder when i + 6/(-4)*-6 is divided by x?
4
Let l(g) = -g**3 - g**2 - g - 4. What is the remainder when 81 is divided by l(-3)?
13
Suppose 0 = -5*f, q - 2*f + 15 = 3*f. Let j = -11 - q. Suppose -2*u - u = 3*b - 27, -8 = -j*u + 3*b. Calculate the remainder when 13 is divided by u.
3
Suppose -25*l + 33*l = 4184. What is the remainder when l is divided by 7?
5
Let c(r) = r**3 + r**2 - 3. Let i = 13 + -13. Suppose i = 4*t - 24 - 24. Calculate the remainder when c(3) is divided by t.
9
Suppose 0 = 9*c - 14 - 4. Suppose c*a = 6*a. Let y(o) = -o**3 + o**2 + 107. What is the remainder when y(a) is divided by 27?
26
Let a(g) = g**2 + 10*g - 9. Calculate the remainder when a(4) is divided by 21.
5
Suppose 4*m + r - 15 = 461, 2*m - 238 = -5*r. Calculate the remainder when m is divided by 2.
1
Suppose -3*c + p = 3*p - 5, 30 = 4*c - 2*p. Suppose r - 2*q - 25 = -4, -c*r - q = -50. What is the remainder when (0 - -1)/((-2)/(-38)) is divided by r?
8
Calculate the remainder when (4/10)/((-3)/(-255)) is divided by 9*2*10/15.
10
Let w(b) = b**3 - b**2 - 2*b + 4. Let t(z) = -4*z - 1. Let i be t(-1). What is the remainder when (-1)/2 - 28/(-8) - -74 is divided by w(i)?
13
Suppose -457 - 119 = -64*x. What is the remainder when 575 is divided by x?
8
Suppose 0 = -3*g + 6*g - 9. Let d be (-4)/6*(g + 3). Let m = d - -10. What is the remainder when 11 is divided by m?
5
Let d(q) = 143*q - 695. Let a be (-20)/(-6) - (-1)/(-3). Suppose y - 324 = -a*y + 4*g, 0 = 4*y + g - 314. Calculate the remainder when y is divided by d(5).
19
Suppose 5*d - 20 = -0. Suppose 0 = -d*p + 5*k - 3, -5*p - 7 = -3*p + 3*k. What is the remainder when 40 is divided by 12 - -1 - (1 + p)?
12
Let m(h) = 2*h - 90. Let p(z) = z - 60. Let v(t) = 5*m(t) - 8*p(t). What is the remainder when 19 is divided by v(-10)?
9
What is the remainder when 299 is divided by (-30)/(3/(-1))*(-15)/(-3)?
49
Calculate the remainder when (-2400)/(-52) - 1 - 10/65 is divided by 6.
3
Suppose 15*l = 10*l + 695. Let j = l + -21. Calculate the remainder when j is divided by 30.
28
Let a(x) = 2*x**2 - 22*x - 23. Let w be a(12). Suppose -9*b + w + 80 = 0. Calculate the remainder when 53 is divided by b.
8
Suppose 4*i + 11 = 27. Suppose -4*o - i*n + 16 = 0, 4*o - 16 + 0 = -5*n. Calculate the remainder when 10 is divided by o.
2
Let h(u) = -8*u - 30. Let q be h(-14). Suppose q = 4*r + 10. Suppose 10 = 2*x - 0*x. What is the remainder when r is divided by x?
3
Suppose k - 101 = -65. What is the remainder when k is divided by 7?
1
Let q = 2 - 0. Suppose q*w - 9 = -w. Suppose -w*j + 1 - 10 = 3*n, 3*j = 3*n + 21. Calculate the remainder when 6 is divided by j.
0
Suppose 13*d - 25 = 1. Suppose 0 = -d*a - 3*l + l + 258, -3*a + 359 = -4*l. What is the remainder when a is divided by 32?
29
Let b(r) = 126*r + 123. Calculate the remainder when b(2) is 